{"id":216,"date":"2024-06-20T14:46:22","date_gmt":"2024-06-20T12:46:22","guid":{"rendered":"https:\/\/pevan.eleves.mediamatique.ch\/orbe-organics\/?page_id=216"},"modified":"2024-06-21T08:54:46","modified_gmt":"2024-06-21T06:54:46","slug":"a-propos-de-nous","status":"publish","type":"page","link":"https:\/\/pevan.eleves.mediamatique.ch\/orbe-organics\/a-propos-de-nous\/","title":{"rendered":"\u00c0 propos de nous"},"content":{"rendered":"\t\t<div data-elementor-type=\"wp-page\" data-elementor-id=\"216\" class=\"elementor elementor-216\" data-elementor-post-type=\"page\">\n\t\t\t\t<div class=\"elementor-element elementor-element-b59cd93 e-con-full e-flex e-con e-parent\" data-id=\"b59cd93\" data-element_type=\"container\">\n\t\t\t\t<div class=\"elementor-element elementor-element-6a84159 elementor--h-position-center elementor--v-position-middle elementor-arrows-position-inside elementor-pagination-position-inside elementor-widget elementor-widget-slides\" data-id=\"6a84159\" data-element_type=\"widget\" data-settings=\"{&quot;navigation&quot;:&quot;both&quot;,&quot;autoplay&quot;:&quot;yes&quot;,&quot;pause_on_hover&quot;:&quot;yes&quot;,&quot;pause_on_interaction&quot;:&quot;yes&quot;,&quot;autoplay_speed&quot;:5000,&quot;infinite&quot;:&quot;yes&quot;,&quot;transition&quot;:&quot;slide&quot;,&quot;transition_speed&quot;:500}\" data-widget_type=\"slides.default\">\n\t\t\t\t<div class=\"elementor-widget-container\">\n\t\t\t<style>\/*! elementor-pro - v3.21.0 - 20-05-2024 *\/\n.elementor-slides .swiper-slide-bg{background-size:cover;background-position:50%;background-repeat:no-repeat;min-width:100%;min-height:100%}.elementor-slides .swiper-slide-inner{background-repeat:no-repeat;background-position:50%;position:absolute;top:0;left:0;bottom:0;right:0;padding:50px;margin:auto}.elementor-slides .swiper-slide-inner,.elementor-slides .swiper-slide-inner:hover{color:#fff;display:flex}.elementor-slides .swiper-slide-inner .elementor-background-overlay{position:absolute;z-index:0;top:0;bottom:0;left:0;right:0}.elementor-slides .swiper-slide-inner .elementor-slide-content{position:relative;z-index:1;width:100%}.elementor-slides .swiper-slide-inner .elementor-slide-heading{font-size:35px;font-weight:700;line-height:1}.elementor-slides .swiper-slide-inner .elementor-slide-description{font-size:17px;line-height:1.4}.elementor-slides .swiper-slide-inner .elementor-slide-description:not(:last-child),.elementor-slides .swiper-slide-inner .elementor-slide-heading:not(:last-child){margin-bottom:30px}.elementor-slides .swiper-slide-inner .elementor-slide-button{border:2px solid #fff;color:#fff;background:transparent;display:inline-block}.elementor-slides .swiper-slide-inner .elementor-slide-button,.elementor-slides .swiper-slide-inner .elementor-slide-button:hover{background:transparent;color:inherit;text-decoration:none}.elementor--v-position-top .swiper-slide-inner{align-items:flex-start}.elementor--v-position-bottom .swiper-slide-inner{align-items:flex-end}.elementor--v-position-middle .swiper-slide-inner{align-items:center}.elementor--h-position-left .swiper-slide-inner{justify-content:flex-start}.elementor--h-position-right .swiper-slide-inner{justify-content:flex-end}.elementor--h-position-center .swiper-slide-inner{justify-content:center}body.rtl .elementor-widget-slides .elementor-swiper-button-next{left:10px;right:auto}body.rtl .elementor-widget-slides .elementor-swiper-button-prev{right:10px;left:auto}.elementor-slides-wrapper div:not(.swiper-slide)>.swiper-slide-inner{display:none}@media (max-width:767px){.elementor-slides .swiper-slide-inner{padding:30px}.elementor-slides .swiper-slide-inner .elementor-slide-heading{font-size:23px;line-height:1;margin-bottom:15px}.elementor-slides .swiper-slide-inner .elementor-slide-description{font-size:13px;line-height:1.4;margin-bottom:15px}}<\/style>\t\t<div class=\"elementor-swiper\">\n\t\t\t<div class=\"elementor-slides-wrapper elementor-main-swiper swiper\" dir=\"ltr\" data-animation=\"fadeInUp\">\n\t\t\t\t<div class=\"swiper-wrapper elementor-slides\">\n\t\t\t\t\t\t\t\t\t\t<div class=\"elementor-repeater-item-86a6516 swiper-slide\"><div class=\"swiper-slide-bg elementor-ken-burns elementor-ken-burns--in\" role=\"img\"><\/div><div class=\"elementor-background-overlay\"><\/div><a class=\"swiper-slide-inner\" href=\"https:\/\/pevan.eleves.mediamatique.ch\/orbe-organics\/boutique\/\"><div class=\"swiper-slide-contents\"><div class=\"elementor-slide-heading\">Nos produits<\/div><div class=\"elementor-slide-description\">Nous proposons une large gamme de produits alimentaires et de formations pour les sportifs et les gens actifs. \nTous cela est disponible directement sur notre site web ou sur place directement.<\/div><div  class=\"elementor-button elementor-slide-button elementor-size-sm\">D\u00e9couvrez nos produits<\/div><\/div><\/a><\/div><div class=\"elementor-repeater-item-3bd70e8 swiper-slide\"><div class=\"swiper-slide-bg elementor-ken-burns elementor-ken-burns--in\" role=\"img\"><\/div><div class=\"elementor-background-overlay\"><\/div><div class=\"swiper-slide-inner\" ><div class=\"swiper-slide-contents\"><div class=\"elementor-slide-heading\">Nos valeurs<\/div><div class=\"elementor-slide-description\">Nous nous engageons \u00e0 offrir des produits d'excellente qualit\u00e9, en collaborant avec des fournisseurs de confiance pour garantir des ingr\u00e9dients de premier choix. Tous nos produits sont certifi\u00e9s biologiques, assurant une production respectueuse de l'environnement et de votre sant\u00e9. De plus, nous proposons des alternatives v\u00e9ganes et v\u00e9g\u00e9tariennes, r\u00e9pondant ainsi aux besoins et aux pr\u00e9f\u00e9rences de chacun. Notre mission est de fournir des options alimentaires saines et \u00e9thiques, sans compromis sur le go\u00fbt ou la qualit\u00e9.<\/div><\/div><\/div><\/div><div class=\"elementor-repeater-item-3d1e622 swiper-slide\"><div class=\"swiper-slide-bg elementor-ken-burns elementor-ken-burns--in\" role=\"img\"><\/div><div class=\"elementor-background-overlay\"><\/div><div class=\"swiper-slide-inner\" ><div class=\"swiper-slide-contents\"><div class=\"elementor-slide-heading\">Nos experts<\/div><div class=\"elementor-slide-description\">Notre entreprise collabore avec des experts renomm\u00e9s dans leurs domaines, notamment un coach sportif, une di\u00e9t\u00e9ticienne, un cuisinier, et des accompagnateurs sp\u00e9cialis\u00e9s dans le sport et la cuisine. Leur expertise garantit des conseils de qualit\u00e9 et des programmes adapt\u00e9s \u00e0 vos besoins. De plus, notre personnel sur place est toujours disponible et heureux de r\u00e9pondre \u00e0 vos questions sur ces sujets, vous offrant un soutien continu pour atteindre vos objectifs de sant\u00e9 et de bien-\u00eatre.<\/div><\/div><\/div><\/div><div class=\"elementor-repeater-item-75235e2 swiper-slide\"><div class=\"swiper-slide-bg elementor-ken-burns elementor-ken-burns--in\" role=\"img\"><\/div><div class=\"elementor-background-overlay\"><\/div><a class=\"swiper-slide-inner\" href=\"https:\/\/pevan.eleves.mediamatique.ch\/orbe-organics\/contact\/\"><div class=\"swiper-slide-contents\"><div class=\"elementor-slide-heading\">Nos locaux<\/div><div class=\"elementor-slide-description\">Nos locaux se situe \u00e0 orbe dans le centre ville. Nous proposons l\u00e0 bas nos formations et des informations d\u00e9taill\u00e9e de nos produits. Dans nos locaux se trouve aussi la salle de sport disponible aux adh\u00e9rents  de notre programme sportif\/alimentaires. Pour se rendre \u00e0 nos locaux cliquer sur le bouton ci-dessous!<\/div><div  class=\"elementor-button elementor-slide-button elementor-size-sm\">Cliquer ici<\/div><\/div><\/a><\/div>\t\t\t\t<\/div>\n\t\t\t\t\t\t\t\t\t\t\t\t\t\t\t<div class=\"swiper-pagination\"><\/div>\n\t\t\t\t\t\t\t\t\t\t\t\t\t\t\t\t<div class=\"elementor-swiper-button elementor-swiper-button-prev\" role=\"button\" tabindex=\"0\">\n\t\t\t\t\t\t\t<svg aria-hidden=\"true\" class=\"e-font-icon-svg e-eicon-chevron-left\" viewBox=\"0 0 1000 1000\" xmlns=\"http:\/\/www.w3.org\/2000\/svg\"><path d=\"M646 125C629 125 613 133 604 142L308 442C296 454 292 471 292 487 292 504 296 521 308 533L604 854C617 867 629 875 646 875 663 875 679 871 692 858 704 846 713 829 713 812 713 796 708 779 692 767L438 487 692 225C700 217 708 204 708 187 708 171 704 154 692 142 675 129 663 125 646 125Z\"><\/path><\/svg>\t\t\t\t\t\t\t<span class=\"elementor-screen-only\">Diapositive pr\u00e9c\u00e9dente<\/span>\n\t\t\t\t\t\t<\/div>\n\t\t\t\t\t\t<div class=\"elementor-swiper-button elementor-swiper-button-next\" role=\"button\" tabindex=\"0\">\n\t\t\t\t\t\t\t<svg aria-hidden=\"true\" class=\"e-font-icon-svg e-eicon-chevron-right\" viewBox=\"0 0 1000 1000\" xmlns=\"http:\/\/www.w3.org\/2000\/svg\"><path d=\"M696 533C708 521 713 504 713 487 713 471 708 454 696 446L400 146C388 133 375 125 354 125 338 125 325 129 313 142 300 154 292 171 292 187 292 204 296 221 308 233L563 492 304 771C292 783 288 800 288 817 288 833 296 850 308 863 321 871 338 875 354 875 371 875 388 867 400 854L696 533Z\"><\/path><\/svg>\t\t\t\t\t\t\t<span class=\"elementor-screen-only\">Diapositive suivante<\/span>\n\t\t\t\t\t\t<\/div>\n\t\t\t\t\t\t\t\t\t\t\t\t<\/div>\n\t\t<\/div>\n\t\t\t\t<\/div>\n\t\t\t\t<\/div>\n\t\t\t\t<\/div>\n\t\t\t\t<\/div>\n\t\t","protected":false},"excerpt":{"rendered":"<p>Nos produitsNous proposons une large gamme de produits alimentaires et de formations pour les sportifs et les gens actifs. Tous cela est disponible directement sur notre site web ou sur place directement.D\u00e9couvrez nos produitsNos valeursNous nous engageons \u00e0 offrir des produits d&rsquo;excellente qualit\u00e9, en collaborant avec des fournisseurs de confiance pour garantir des ingr\u00e9dients de [&hellip;]<\/p>\n","protected":false},"author":1,"featured_media":0,"parent":0,"menu_order":0,"comment_status":"closed","ping_status":"closed","template":"","meta":{"footnotes":""},"class_list":["post-216","page","type-page","status-publish","hentry"],"yoast_head":"<!-- This site is optimized with the Yoast SEO plugin v22.9 - https:\/\/yoast.com\/wordpress\/plugins\/seo\/ -->\n<title>\u00c0 propos de nous - Orbe Organics<\/title>\n<meta name=\"robots\" content=\"index, follow, max-snippet:-1, max-image-preview:large, max-video-preview:-1\" \/>\n<link rel=\"canonical\" href=\"https:\/\/pevan.eleves.mediamatique.ch\/orbe-organics\/a-propos-de-nous\/\" \/>\n<meta property=\"og:locale\" content=\"fr_FR\" \/>\n<meta property=\"og:type\" content=\"article\" \/>\n<meta property=\"og:title\" content=\"\u00c0 propos de nous - Orbe Organics\" \/>\n<meta property=\"og:description\" content=\"Nos produitsNous proposons une large gamme de produits alimentaires et de formations pour les sportifs et les gens actifs. Tous cela est disponible directement sur notre site web ou sur place directement.D\u00e9couvrez nos produitsNos valeursNous nous engageons \u00e0 offrir des produits d&rsquo;excellente qualit\u00e9, en collaborant avec des fournisseurs de confiance pour garantir des ingr\u00e9dients de [&hellip;]\" \/>\n<meta property=\"og:url\" content=\"https:\/\/pevan.eleves.mediamatique.ch\/orbe-organics\/a-propos-de-nous\/\" \/>\n<meta property=\"og:site_name\" content=\"Orbe Organics\" \/>\n<meta property=\"article:publisher\" content=\"https:\/\/fr-fr.facebook.com\/\" \/>\n<meta property=\"article:modified_time\" content=\"2024-06-21T06:54:46+00:00\" \/>\n<meta property=\"og:image\" content=\"https:\/\/pevan.eleves.mediamatique.ch\/orbe-organics\/wp-content\/uploads\/2024\/06\/CIE-4-Logo.png\" \/>\n\t<meta property=\"og:image:width\" content=\"1000\" \/>\n\t<meta property=\"og:image:height\" content=\"500\" \/>\n\t<meta property=\"og:image:type\" content=\"image\/png\" \/>\n<meta name=\"twitter:card\" content=\"summary_large_image\" \/>\n<meta name=\"twitter:site\" content=\"@Accueil\" \/>\n<meta name=\"twitter:label1\" content=\"Dur\u00e9e de lecture estim\u00e9e\" \/>\n\t<meta name=\"twitter:data1\" content=\"4 minutes\" \/>\n<script type=\"application\/ld+json\" class=\"yoast-schema-graph\">{\"@context\":\"https:\/\/schema.org\",\"@graph\":[{\"@type\":\"WebPage\",\"@id\":\"https:\/\/pevan.eleves.mediamatique.ch\/orbe-organics\/a-propos-de-nous\/\",\"url\":\"https:\/\/pevan.eleves.mediamatique.ch\/orbe-organics\/a-propos-de-nous\/\",\"name\":\"\u00c0 propos de nous - Orbe Organics\",\"isPartOf\":{\"@id\":\"https:\/\/pevan.eleves.mediamatique.ch\/orbe-organics\/#website\"},\"datePublished\":\"2024-06-20T12:46:22+00:00\",\"dateModified\":\"2024-06-21T06:54:46+00:00\",\"breadcrumb\":{\"@id\":\"https:\/\/pevan.eleves.mediamatique.ch\/orbe-organics\/a-propos-de-nous\/#breadcrumb\"},\"inLanguage\":\"fr-FR\",\"potentialAction\":[{\"@type\":\"ReadAction\",\"target\":[\"https:\/\/pevan.eleves.mediamatique.ch\/orbe-organics\/a-propos-de-nous\/\"]}]},{\"@type\":\"BreadcrumbList\",\"@id\":\"https:\/\/pevan.eleves.mediamatique.ch\/orbe-organics\/a-propos-de-nous\/#breadcrumb\",\"itemListElement\":[{\"@type\":\"ListItem\",\"position\":1,\"name\":\"Accueil\",\"item\":\"https:\/\/pevan.eleves.mediamatique.ch\/orbe-organics\/\"},{\"@type\":\"ListItem\",\"position\":2,\"name\":\"\u00c0 propos de nous\"}]},{\"@type\":\"WebSite\",\"@id\":\"https:\/\/pevan.eleves.mediamatique.ch\/orbe-organics\/#website\",\"url\":\"https:\/\/pevan.eleves.mediamatique.ch\/orbe-organics\/\",\"name\":\"Orbe Organics\",\"description\":\"Nourrissez votre corps, nourrissez votre esprit !\",\"publisher\":{\"@id\":\"https:\/\/pevan.eleves.mediamatique.ch\/orbe-organics\/#organization\"},\"alternateName\":\"O. Organics\",\"potentialAction\":[{\"@type\":\"SearchAction\",\"target\":{\"@type\":\"EntryPoint\",\"urlTemplate\":\"https:\/\/pevan.eleves.mediamatique.ch\/orbe-organics\/?s={search_term_string}\"},\"query-input\":\"required name=search_term_string\"}],\"inLanguage\":\"fr-FR\"},{\"@type\":\"Organization\",\"@id\":\"https:\/\/pevan.eleves.mediamatique.ch\/orbe-organics\/#organization\",\"name\":\"Orbe Organics\",\"url\":\"https:\/\/pevan.eleves.mediamatique.ch\/orbe-organics\/\",\"logo\":{\"@type\":\"ImageObject\",\"inLanguage\":\"fr-FR\",\"@id\":\"https:\/\/pevan.eleves.mediamatique.ch\/orbe-organics\/#\/schema\/logo\/image\/\",\"url\":\"https:\/\/pevan.eleves.mediamatique.ch\/orbe-organics\/wp-content\/uploads\/2024\/06\/cropped-CIE-4-Logo.png\",\"contentUrl\":\"https:\/\/pevan.eleves.mediamatique.ch\/orbe-organics\/wp-content\/uploads\/2024\/06\/cropped-CIE-4-Logo.png\",\"width\":1000,\"height\":500,\"caption\":\"Orbe Organics\"},\"image\":{\"@id\":\"https:\/\/pevan.eleves.mediamatique.ch\/orbe-organics\/#\/schema\/logo\/image\/\"},\"sameAs\":[\"https:\/\/fr-fr.facebook.com\/\",\"https:\/\/x.com\/Accueil\"]}]}<\/script>\n<!-- \/ Yoast SEO plugin. -->","yoast_head_json":{"title":"\u00c0 propos de nous - Orbe Organics","robots":{"index":"index","follow":"follow","max-snippet":"max-snippet:-1","max-image-preview":"max-image-preview:large","max-video-preview":"max-video-preview:-1"},"canonical":"https:\/\/pevan.eleves.mediamatique.ch\/orbe-organics\/a-propos-de-nous\/","og_locale":"fr_FR","og_type":"article","og_title":"\u00c0 propos de nous - Orbe Organics","og_description":"Nos produitsNous proposons une large gamme de produits alimentaires et de formations pour les sportifs et les gens actifs. Tous cela est disponible directement sur notre site web ou sur place directement.D\u00e9couvrez nos produitsNos valeursNous nous engageons \u00e0 offrir des produits d&rsquo;excellente qualit\u00e9, en collaborant avec des fournisseurs de confiance pour garantir des ingr\u00e9dients de [&hellip;]","og_url":"https:\/\/pevan.eleves.mediamatique.ch\/orbe-organics\/a-propos-de-nous\/","og_site_name":"Orbe Organics","article_publisher":"https:\/\/fr-fr.facebook.com\/","article_modified_time":"2024-06-21T06:54:46+00:00","og_image":[{"width":1000,"height":500,"url":"https:\/\/pevan.eleves.mediamatique.ch\/orbe-organics\/wp-content\/uploads\/2024\/06\/CIE-4-Logo.png","type":"image\/png"}],"twitter_card":"summary_large_image","twitter_site":"@Accueil","twitter_misc":{"Dur\u00e9e de lecture estim\u00e9e":"4 minutes"},"schema":{"@context":"https:\/\/schema.org","@graph":[{"@type":"WebPage","@id":"https:\/\/pevan.eleves.mediamatique.ch\/orbe-organics\/a-propos-de-nous\/","url":"https:\/\/pevan.eleves.mediamatique.ch\/orbe-organics\/a-propos-de-nous\/","name":"\u00c0 propos de nous - Orbe Organics","isPartOf":{"@id":"https:\/\/pevan.eleves.mediamatique.ch\/orbe-organics\/#website"},"datePublished":"2024-06-20T12:46:22+00:00","dateModified":"2024-06-21T06:54:46+00:00","breadcrumb":{"@id":"https:\/\/pevan.eleves.mediamatique.ch\/orbe-organics\/a-propos-de-nous\/#breadcrumb"},"inLanguage":"fr-FR","potentialAction":[{"@type":"ReadAction","target":["https:\/\/pevan.eleves.mediamatique.ch\/orbe-organics\/a-propos-de-nous\/"]}]},{"@type":"BreadcrumbList","@id":"https:\/\/pevan.eleves.mediamatique.ch\/orbe-organics\/a-propos-de-nous\/#breadcrumb","itemListElement":[{"@type":"ListItem","position":1,"name":"Accueil","item":"https:\/\/pevan.eleves.mediamatique.ch\/orbe-organics\/"},{"@type":"ListItem","position":2,"name":"\u00c0 propos de nous"}]},{"@type":"WebSite","@id":"https:\/\/pevan.eleves.mediamatique.ch\/orbe-organics\/#website","url":"https:\/\/pevan.eleves.mediamatique.ch\/orbe-organics\/","name":"Orbe Organics","description":"Nourrissez votre corps, nourrissez votre esprit !","publisher":{"@id":"https:\/\/pevan.eleves.mediamatique.ch\/orbe-organics\/#organization"},"alternateName":"O. Organics","potentialAction":[{"@type":"SearchAction","target":{"@type":"EntryPoint","urlTemplate":"https:\/\/pevan.eleves.mediamatique.ch\/orbe-organics\/?s={search_term_string}"},"query-input":"required name=search_term_string"}],"inLanguage":"fr-FR"},{"@type":"Organization","@id":"https:\/\/pevan.eleves.mediamatique.ch\/orbe-organics\/#organization","name":"Orbe Organics","url":"https:\/\/pevan.eleves.mediamatique.ch\/orbe-organics\/","logo":{"@type":"ImageObject","inLanguage":"fr-FR","@id":"https:\/\/pevan.eleves.mediamatique.ch\/orbe-organics\/#\/schema\/logo\/image\/","url":"https:\/\/pevan.eleves.mediamatique.ch\/orbe-organics\/wp-content\/uploads\/2024\/06\/cropped-CIE-4-Logo.png","contentUrl":"https:\/\/pevan.eleves.mediamatique.ch\/orbe-organics\/wp-content\/uploads\/2024\/06\/cropped-CIE-4-Logo.png","width":1000,"height":500,"caption":"Orbe Organics"},"image":{"@id":"https:\/\/pevan.eleves.mediamatique.ch\/orbe-organics\/#\/schema\/logo\/image\/"},"sameAs":["https:\/\/fr-fr.facebook.com\/","https:\/\/x.com\/Accueil"]}]}},"jetpack_sharing_enabled":true,"_links":{"self":[{"href":"https:\/\/pevan.eleves.mediamatique.ch\/orbe-organics\/wp-json\/wp\/v2\/pages\/216","targetHints":{"allow":["GET"]}}],"collection":[{"href":"https:\/\/pevan.eleves.mediamatique.ch\/orbe-organics\/wp-json\/wp\/v2\/pages"}],"about":[{"href":"https:\/\/pevan.eleves.mediamatique.ch\/orbe-organics\/wp-json\/wp\/v2\/types\/page"}],"author":[{"embeddable":true,"href":"https:\/\/pevan.eleves.mediamatique.ch\/orbe-organics\/wp-json\/wp\/v2\/users\/1"}],"replies":[{"embeddable":true,"href":"https:\/\/pevan.eleves.mediamatique.ch\/orbe-organics\/wp-json\/wp\/v2\/comments?post=216"}],"version-history":[{"count":16,"href":"https:\/\/pevan.eleves.mediamatique.ch\/orbe-organics\/wp-json\/wp\/v2\/pages\/216\/revisions"}],"predecessor-version":[{"id":253,"href":"https:\/\/pevan.eleves.mediamatique.ch\/orbe-organics\/wp-json\/wp\/v2\/pages\/216\/revisions\/253"}],"wp:attachment":[{"href":"https:\/\/pevan.eleves.mediamatique.ch\/orbe-organics\/wp-json\/wp\/v2\/media?parent=216"}],"curies":[{"name":"wp","href":"https:\/\/api.w.org\/{rel}","templated":true}]}}