{"id":111,"date":"2024-06-20T10:04:37","date_gmt":"2024-06-20T08:04:37","guid":{"rendered":"https:\/\/pevan.eleves.mediamatique.ch\/orbe-organics\/?post_type=product&#038;p=111"},"modified":"2024-06-21T16:10:03","modified_gmt":"2024-06-21T14:10:03","slug":"1-mois-de-repas-equilibres","status":"publish","type":"product","link":"https:\/\/pevan.eleves.mediamatique.ch\/orbe-organics\/produit\/1-mois-de-repas-equilibres\/","title":{"rendered":"1 mois de repas \u00e9quilibr\u00e9s"},"content":{"rendered":"<p>Repas \u00e9quilibr\u00e9s livr\u00e9 dans la r\u00e9gion vaudoise tous les midis et soirs. Possibilit\u00e9s d&rsquo;alimentions sp\u00e9cifique (v\u00e9ganisme, vegetarisme, sans gluten, etc..)<\/p>\n","protected":false},"excerpt":{"rendered":"<p>Repas \u00e9quilibr\u00e9s livr\u00e9 dans la r\u00e9gion vaudoise tous les midis et soirs. Possibilit\u00e9s d&rsquo;alimentions sp\u00e9cifique (v\u00e9ganisme, vegetarisme, sans gluten, etc..)<\/p>\n","protected":false},"featured_media":112,"comment_status":"open","ping_status":"closed","template":"","meta":[],"product_cat":[21],"product_tag":[],"class_list":{"0":"post-111","1":"product","2":"type-product","3":"status-publish","4":"has-post-thumbnail","6":"product_cat-repas","8":"first","9":"instock","10":"shipping-taxable","11":"purchasable","12":"product-type-variable"},"yoast_head":"<!-- This site is optimized with the Yoast SEO plugin v22.9 - https:\/\/yoast.com\/wordpress\/plugins\/seo\/ -->\n<title>1 mois de repas \u00e9quilibr\u00e9s - Orbe Organics<\/title>\n<meta name=\"robots\" content=\"index, follow, max-snippet:-1, max-image-preview:large, max-video-preview:-1\" \/>\n<link rel=\"canonical\" href=\"https:\/\/pevan.eleves.mediamatique.ch\/orbe-organics\/produit\/1-mois-de-repas-equilibres\/\" \/>\n<meta property=\"og:locale\" content=\"fr_FR\" \/>\n<meta property=\"og:type\" content=\"article\" \/>\n<meta property=\"og:title\" content=\"1 mois de repas \u00e9quilibr\u00e9s - Orbe Organics\" \/>\n<meta property=\"og:description\" content=\"Repas \u00e9quilibr\u00e9s livr\u00e9 dans la r\u00e9gion vaudoise tous les midis et soirs. Possibilit\u00e9s d&#039;alimentions sp\u00e9cifique (v\u00e9ganisme, vegetarisme, sans gluten, etc..)\" \/>\n<meta property=\"og:url\" content=\"https:\/\/pevan.eleves.mediamatique.ch\/orbe-organics\/produit\/1-mois-de-repas-equilibres\/\" \/>\n<meta property=\"og:site_name\" content=\"Orbe Organics\" \/>\n<meta property=\"article:publisher\" content=\"https:\/\/fr-fr.facebook.com\/\" \/>\n<meta property=\"article:modified_time\" content=\"2024-06-21T14:10:03+00:00\" \/>\n<meta property=\"og:image\" content=\"https:\/\/pevan.eleves.mediamatique.ch\/orbe-organics\/wp-content\/uploads\/2024\/06\/Optimized-dd6dd697877e06cc2ea41c240627233b.jpg\" \/>\n\t<meta property=\"og:image:width\" content=\"1074\" \/>\n\t<meta property=\"og:image:height\" content=\"900\" \/>\n\t<meta property=\"og:image:type\" content=\"image\/jpeg\" \/>\n<meta name=\"twitter:card\" content=\"summary_large_image\" \/>\n<meta name=\"twitter:site\" content=\"@Accueil\" \/>\n<script type=\"application\/ld+json\" class=\"yoast-schema-graph\">{\"@context\":\"https:\/\/schema.org\",\"@graph\":[{\"@type\":\"WebPage\",\"@id\":\"https:\/\/pevan.eleves.mediamatique.ch\/orbe-organics\/produit\/1-mois-de-repas-equilibres\/\",\"url\":\"https:\/\/pevan.eleves.mediamatique.ch\/orbe-organics\/produit\/1-mois-de-repas-equilibres\/\",\"name\":\"1 mois de repas \u00e9quilibr\u00e9s - Orbe Organics\",\"isPartOf\":{\"@id\":\"https:\/\/pevan.eleves.mediamatique.ch\/orbe-organics\/#website\"},\"primaryImageOfPage\":{\"@id\":\"https:\/\/pevan.eleves.mediamatique.ch\/orbe-organics\/produit\/1-mois-de-repas-equilibres\/#primaryimage\"},\"image\":{\"@id\":\"https:\/\/pevan.eleves.mediamatique.ch\/orbe-organics\/produit\/1-mois-de-repas-equilibres\/#primaryimage\"},\"thumbnailUrl\":\"https:\/\/pevan.eleves.mediamatique.ch\/orbe-organics\/wp-content\/uploads\/2024\/06\/Optimized-dd6dd697877e06cc2ea41c240627233b.jpg\",\"datePublished\":\"2024-06-20T08:04:37+00:00\",\"dateModified\":\"2024-06-21T14:10:03+00:00\",\"breadcrumb\":{\"@id\":\"https:\/\/pevan.eleves.mediamatique.ch\/orbe-organics\/produit\/1-mois-de-repas-equilibres\/#breadcrumb\"},\"inLanguage\":\"fr-FR\",\"potentialAction\":[{\"@type\":\"ReadAction\",\"target\":[\"https:\/\/pevan.eleves.mediamatique.ch\/orbe-organics\/produit\/1-mois-de-repas-equilibres\/\"]}]},{\"@type\":\"ImageObject\",\"inLanguage\":\"fr-FR\",\"@id\":\"https:\/\/pevan.eleves.mediamatique.ch\/orbe-organics\/produit\/1-mois-de-repas-equilibres\/#primaryimage\",\"url\":\"https:\/\/pevan.eleves.mediamatique.ch\/orbe-organics\/wp-content\/uploads\/2024\/06\/Optimized-dd6dd697877e06cc2ea41c240627233b.jpg\",\"contentUrl\":\"https:\/\/pevan.eleves.mediamatique.ch\/orbe-organics\/wp-content\/uploads\/2024\/06\/Optimized-dd6dd697877e06cc2ea41c240627233b.jpg\",\"width\":1074,\"height\":900},{\"@type\":\"BreadcrumbList\",\"@id\":\"https:\/\/pevan.eleves.mediamatique.ch\/orbe-organics\/produit\/1-mois-de-repas-equilibres\/#breadcrumb\",\"itemListElement\":[{\"@type\":\"ListItem\",\"position\":1,\"name\":\"Accueil\",\"item\":\"https:\/\/pevan.eleves.mediamatique.ch\/orbe-organics\/\"},{\"@type\":\"ListItem\",\"position\":2,\"name\":\"Boutique\",\"item\":\"https:\/\/pevan.eleves.mediamatique.ch\/orbe-organics\/boutique\/\"},{\"@type\":\"ListItem\",\"position\":3,\"name\":\"1 mois de repas \u00e9quilibr\u00e9s\"}]},{\"@type\":\"WebSite\",\"@id\":\"https:\/\/pevan.eleves.mediamatique.ch\/orbe-organics\/#website\",\"url\":\"https:\/\/pevan.eleves.mediamatique.ch\/orbe-organics\/\",\"name\":\"Orbe Organics\",\"description\":\"Nourrissez votre corps, nourrissez votre esprit !\",\"publisher\":{\"@id\":\"https:\/\/pevan.eleves.mediamatique.ch\/orbe-organics\/#organization\"},\"alternateName\":\"O. Organics\",\"potentialAction\":[{\"@type\":\"SearchAction\",\"target\":{\"@type\":\"EntryPoint\",\"urlTemplate\":\"https:\/\/pevan.eleves.mediamatique.ch\/orbe-organics\/?s={search_term_string}\"},\"query-input\":\"required name=search_term_string\"}],\"inLanguage\":\"fr-FR\"},{\"@type\":\"Organization\",\"@id\":\"https:\/\/pevan.eleves.mediamatique.ch\/orbe-organics\/#organization\",\"name\":\"Orbe Organics\",\"url\":\"https:\/\/pevan.eleves.mediamatique.ch\/orbe-organics\/\",\"logo\":{\"@type\":\"ImageObject\",\"inLanguage\":\"fr-FR\",\"@id\":\"https:\/\/pevan.eleves.mediamatique.ch\/orbe-organics\/#\/schema\/logo\/image\/\",\"url\":\"https:\/\/pevan.eleves.mediamatique.ch\/orbe-organics\/wp-content\/uploads\/2024\/06\/cropped-CIE-4-Logo.png\",\"contentUrl\":\"https:\/\/pevan.eleves.mediamatique.ch\/orbe-organics\/wp-content\/uploads\/2024\/06\/cropped-CIE-4-Logo.png\",\"width\":1000,\"height\":500,\"caption\":\"Orbe Organics\"},\"image\":{\"@id\":\"https:\/\/pevan.eleves.mediamatique.ch\/orbe-organics\/#\/schema\/logo\/image\/\"},\"sameAs\":[\"https:\/\/fr-fr.facebook.com\/\",\"https:\/\/x.com\/Accueil\"]}]}<\/script>\n<!-- \/ Yoast SEO plugin. -->","yoast_head_json":{"title":"1 mois de repas \u00e9quilibr\u00e9s - Orbe Organics","robots":{"index":"index","follow":"follow","max-snippet":"max-snippet:-1","max-image-preview":"max-image-preview:large","max-video-preview":"max-video-preview:-1"},"canonical":"https:\/\/pevan.eleves.mediamatique.ch\/orbe-organics\/produit\/1-mois-de-repas-equilibres\/","og_locale":"fr_FR","og_type":"article","og_title":"1 mois de repas \u00e9quilibr\u00e9s - Orbe Organics","og_description":"Repas \u00e9quilibr\u00e9s livr\u00e9 dans la r\u00e9gion vaudoise tous les midis et soirs. Possibilit\u00e9s d'alimentions sp\u00e9cifique (v\u00e9ganisme, vegetarisme, sans gluten, etc..)","og_url":"https:\/\/pevan.eleves.mediamatique.ch\/orbe-organics\/produit\/1-mois-de-repas-equilibres\/","og_site_name":"Orbe Organics","article_publisher":"https:\/\/fr-fr.facebook.com\/","article_modified_time":"2024-06-21T14:10:03+00:00","og_image":[{"width":1074,"height":900,"url":"https:\/\/pevan.eleves.mediamatique.ch\/orbe-organics\/wp-content\/uploads\/2024\/06\/Optimized-dd6dd697877e06cc2ea41c240627233b.jpg","type":"image\/jpeg"}],"twitter_card":"summary_large_image","twitter_site":"@Accueil","schema":{"@context":"https:\/\/schema.org","@graph":[{"@type":"WebPage","@id":"https:\/\/pevan.eleves.mediamatique.ch\/orbe-organics\/produit\/1-mois-de-repas-equilibres\/","url":"https:\/\/pevan.eleves.mediamatique.ch\/orbe-organics\/produit\/1-mois-de-repas-equilibres\/","name":"1 mois de repas \u00e9quilibr\u00e9s - Orbe Organics","isPartOf":{"@id":"https:\/\/pevan.eleves.mediamatique.ch\/orbe-organics\/#website"},"primaryImageOfPage":{"@id":"https:\/\/pevan.eleves.mediamatique.ch\/orbe-organics\/produit\/1-mois-de-repas-equilibres\/#primaryimage"},"image":{"@id":"https:\/\/pevan.eleves.mediamatique.ch\/orbe-organics\/produit\/1-mois-de-repas-equilibres\/#primaryimage"},"thumbnailUrl":"https:\/\/pevan.eleves.mediamatique.ch\/orbe-organics\/wp-content\/uploads\/2024\/06\/Optimized-dd6dd697877e06cc2ea41c240627233b.jpg","datePublished":"2024-06-20T08:04:37+00:00","dateModified":"2024-06-21T14:10:03+00:00","breadcrumb":{"@id":"https:\/\/pevan.eleves.mediamatique.ch\/orbe-organics\/produit\/1-mois-de-repas-equilibres\/#breadcrumb"},"inLanguage":"fr-FR","potentialAction":[{"@type":"ReadAction","target":["https:\/\/pevan.eleves.mediamatique.ch\/orbe-organics\/produit\/1-mois-de-repas-equilibres\/"]}]},{"@type":"ImageObject","inLanguage":"fr-FR","@id":"https:\/\/pevan.eleves.mediamatique.ch\/orbe-organics\/produit\/1-mois-de-repas-equilibres\/#primaryimage","url":"https:\/\/pevan.eleves.mediamatique.ch\/orbe-organics\/wp-content\/uploads\/2024\/06\/Optimized-dd6dd697877e06cc2ea41c240627233b.jpg","contentUrl":"https:\/\/pevan.eleves.mediamatique.ch\/orbe-organics\/wp-content\/uploads\/2024\/06\/Optimized-dd6dd697877e06cc2ea41c240627233b.jpg","width":1074,"height":900},{"@type":"BreadcrumbList","@id":"https:\/\/pevan.eleves.mediamatique.ch\/orbe-organics\/produit\/1-mois-de-repas-equilibres\/#breadcrumb","itemListElement":[{"@type":"ListItem","position":1,"name":"Accueil","item":"https:\/\/pevan.eleves.mediamatique.ch\/orbe-organics\/"},{"@type":"ListItem","position":2,"name":"Boutique","item":"https:\/\/pevan.eleves.mediamatique.ch\/orbe-organics\/boutique\/"},{"@type":"ListItem","position":3,"name":"1 mois de repas \u00e9quilibr\u00e9s"}]},{"@type":"WebSite","@id":"https:\/\/pevan.eleves.mediamatique.ch\/orbe-organics\/#website","url":"https:\/\/pevan.eleves.mediamatique.ch\/orbe-organics\/","name":"Orbe Organics","description":"Nourrissez votre corps, nourrissez votre esprit !","publisher":{"@id":"https:\/\/pevan.eleves.mediamatique.ch\/orbe-organics\/#organization"},"alternateName":"O. Organics","potentialAction":[{"@type":"SearchAction","target":{"@type":"EntryPoint","urlTemplate":"https:\/\/pevan.eleves.mediamatique.ch\/orbe-organics\/?s={search_term_string}"},"query-input":"required name=search_term_string"}],"inLanguage":"fr-FR"},{"@type":"Organization","@id":"https:\/\/pevan.eleves.mediamatique.ch\/orbe-organics\/#organization","name":"Orbe Organics","url":"https:\/\/pevan.eleves.mediamatique.ch\/orbe-organics\/","logo":{"@type":"ImageObject","inLanguage":"fr-FR","@id":"https:\/\/pevan.eleves.mediamatique.ch\/orbe-organics\/#\/schema\/logo\/image\/","url":"https:\/\/pevan.eleves.mediamatique.ch\/orbe-organics\/wp-content\/uploads\/2024\/06\/cropped-CIE-4-Logo.png","contentUrl":"https:\/\/pevan.eleves.mediamatique.ch\/orbe-organics\/wp-content\/uploads\/2024\/06\/cropped-CIE-4-Logo.png","width":1000,"height":500,"caption":"Orbe Organics"},"image":{"@id":"https:\/\/pevan.eleves.mediamatique.ch\/orbe-organics\/#\/schema\/logo\/image\/"},"sameAs":["https:\/\/fr-fr.facebook.com\/","https:\/\/x.com\/Accueil"]}]}},"jetpack_sharing_enabled":true,"_links":{"self":[{"href":"https:\/\/pevan.eleves.mediamatique.ch\/orbe-organics\/wp-json\/wp\/v2\/product\/111","targetHints":{"allow":["GET"]}}],"collection":[{"href":"https:\/\/pevan.eleves.mediamatique.ch\/orbe-organics\/wp-json\/wp\/v2\/product"}],"about":[{"href":"https:\/\/pevan.eleves.mediamatique.ch\/orbe-organics\/wp-json\/wp\/v2\/types\/product"}],"replies":[{"embeddable":true,"href":"https:\/\/pevan.eleves.mediamatique.ch\/orbe-organics\/wp-json\/wp\/v2\/comments?post=111"}],"wp:featuredmedia":[{"embeddable":true,"href":"https:\/\/pevan.eleves.mediamatique.ch\/orbe-organics\/wp-json\/wp\/v2\/media\/112"}],"wp:attachment":[{"href":"https:\/\/pevan.eleves.mediamatique.ch\/orbe-organics\/wp-json\/wp\/v2\/media?parent=111"}],"wp:term":[{"taxonomy":"product_cat","embeddable":true,"href":"https:\/\/pevan.eleves.mediamatique.ch\/orbe-organics\/wp-json\/wp\/v2\/product_cat?post=111"},{"taxonomy":"product_tag","embeddable":true,"href":"https:\/\/pevan.eleves.mediamatique.ch\/orbe-organics\/wp-json\/wp\/v2\/product_tag?post=111"}],"curies":[{"name":"wp","href":"https:\/\/api.w.org\/{rel}","templated":true}]}}